p + 54 = 0. What are the prime factors of w?
3, 13
Let k(g) = -16*g - 61. Let l(t) = -3*t - 12. Let j(c) = -6*k(c) + 33*l(c). Let p be j(-10). Suppose 0*i + 2*i - 110 = p. What are the prime factors of i?
5, 11
Let d = 5783 + 7623. What are the prime factors of d?
2, 6703
Let g(l) be the second derivative of -1/12*l**4 + 0 - 7*l**2 - 3/2*l**3 - 6*l. List the prime factors of g(-4).
2, 3
Suppose -4*b = -l - 26005, 68*l = 2*b + 63*l - 12989. List the prime factors of b.
2, 3251
Suppose -g + 6 = -4*l - 17, 5*g = 5*l + 70. Let m be 2 + 11 + (8 - g). Suppose m*k - 11*k = -28. What are the prime factors of k?
2, 7
Suppose -112425 = o - 5*o - 5*s, -2*o + 56206 = -4*s. What are the prime factors of o?
5, 7, 11, 73
Suppose -14*g - 42915 + 140817 = 0. List the prime factors of g.
3, 7, 37
What are the prime factors of 7608 - (2448/(-17))/9?
2, 953
Let a be (7 + -5)/(2/12). Suppose -17*y = -a*y. Suppose 2*f = -y*f + 226. What are the prime factors of f?
113
Let b be -4 + -5 + 5 + -23. Let x(i) = -i**2 - 34*i - 94. What are the prime factors of x(b)?
5, 19
Let u(z) = -8*z**3 + 6*z**2 - 13*z - 31. Let b be u(-3). List the prime factors of (46 - 39) + b/1.
3, 5, 19
Let r be (3 - (-30 + -3)) + (1 - 2). Suppose r*j - 39*j = -40. Suppose 4 = j*o - 66. What are the prime factors of o?
7
What are the prime factors of ((-12)/24 + 884/8)*2?
2, 5, 11
Let l(g) = -63 + 33*g + 58 - 95*g. What are the prime factors of l(-5)?
5, 61
Suppose 16*k - 3*k = 312. Suppose -11370 - 822 = -k*b. What are the prime factors of b?
2, 127
Suppose 0 = t - 0*t. Let k be -1 + (-44)/(-10) - ((-248)/(-20) - 13). Suppose -2*i = -k*r - 220, 468 = 4*i - t*i - r. List the prime factors of i.
2, 59
Suppose 19*q - 9729 = 7*q + 88767. List the prime factors of q.
2, 3, 19
Let b be -4 + (14/(-6))/((-39)/117). Suppose b*j - 1173 = j + 3*h, -2*j = 5*h - 1213. What are the prime factors of j?
2, 3, 11
Let c = -47 + 29. Let h be (-825)/c + (-2)/(-12). What are the prime factors of -6 + 6 + -3 + h/1?
43
Let c = 62939 - 23187. What are the prime factors of c?
2, 4969
Let n be 28/42 + 2/(-3). Let f be n + (3 - (27 - 0)). Let t = f - -125. What are the prime factors of t?
101
Let u(d) = d**3 - 3*d**2 + 8*d - 10. Let l be u(2). List the prime factors of 122*(-12)/(-4)*l/2.
2, 3, 61
Suppose 15*d = 1639 + 3041. Suppose 3*f = 7*f - d. List the prime factors of f.
2, 3, 13
Suppose -v + 0*w - w = 0, -v = 5*w - 8. Let g be 0/(v/(-4)*(6 + 2)). Suppose g*c + 2*a + 435 = 3*c, -5*c + 725 = 4*a. What are the prime factors of c?
5, 29
Let p = 763 + 180. Suppose 191 = 3*c - p. List the prime factors of c.
2, 3, 7
Suppose 15*g + 2*z = 11*g - 562, -271 = 2*g - z. Let o = -99 - g. What are the prime factors of o?
3, 13
Let r(m) = 8*m**3 - 6*m**2 + 86 - 10*m**3 - 80 - 10*m**3 + 6*m + 5*m**2. What are the prime factors of r(-3)?
3, 101
Let z be -6 + (-536)/(-44) + (-4)/22. Let y(q) = 17*q**2 - 5*q + 29. What are the prime factors of y(z)?
13, 47
Let w(q) = 15 - 6 + 0 + q**2 + 3*q**3 - 3*q. Let v be w(3). Suppose -v*j + 95*j - 400 = 0. What are the prime factors of j?
2, 5
Let h(j) = -5401*j - 2315. What are the prime factors of h(-7)?
2, 19, 467
Let t be 7*(1 + (-4)/(-2) + -2). Suppose -h + t*h = 78. Suppose h*f - 3887 = -0*f. What are the prime factors of f?
13, 23
Suppose 1045*l - 1531904 = 1029*l. List the prime factors of l.
2, 11, 17
Let t(z) = 2*z**3 - 18*z**2 + 26*z - 103. What are the prime factors of t(19)?
3, 43, 59
Let g = -30 + 39. Let y = 25 - g. Suppose -4*d + y*d - 660 = 0. What are the prime factors of d?
5, 11
Suppose -5*h - 10 = 2*m - 22, -3*m + 4*h = 5. What are the prime factors of 1 + 93 + -6 + 1 + m?
2, 3, 5
Let x = 0 - 8. List the prime factors of ((-43350)/(-357))/(x/(-7) - 1).
2, 5, 17
Let k = -8063 - -8186. What are the prime factors of k?
3, 41
Let w(i) = i**3 - 3*i**2 + 7108. List the prime factors of w(0).
2, 1777
List the prime factors of 5257545/225 + 2/15.
3, 7789
What are the prime factors of 222515975/14575 + 4/106?
3, 7, 727
Let m be (-3)/(-2)*100/6. Suppose 0 = 7*x - 12*x + m. Let b = x + 20. What are the prime factors of b?
5
Suppose -274*b = -238*b - 16884. List the prime factors of b.
7, 67
Let l(v) be the second derivative of v**5/20 - 7*v**4/6 - v**3 + 22*v**2 - v + 8. What are the prime factors of l(16)?
2, 5, 23
Let x = 4198 + -1647. Let f = x + -1521. What are the prime factors of f?
2, 5, 103
Let n(a) = -a**3 - a**2 + 4. Let i = 46 - 46. Let x be n(i). Suppose x*l = 4*v - 252, 0 = -4*l - l + 15. List the prime factors of v.
2, 3, 11
Suppose -6*f + 10 = -2*c - 2*f, 1 = -3*c - f. What are the prime factors of (1/c)/(6/(-4008))?
2, 167
Let q(y) be the second derivative of -y**4/12 - 7*y**3/6 - 5*y**2 + 19*y. Let a be q(-5). Suppose a = j - 96 - 47. List the prime factors of j.
11, 13
Suppose 52 + 29 = 27*x. Suppose -3*r = 2*q - q, 0 = 4*q + x*r - 27. List the prime factors of q.
3
Let a = 111 - 109. Suppose 7*b - 195 = a*b. What are the prime factors of b?
3, 13
Suppose 20353 = 3*y - 4*b, 0 = -2*y + y - 2*b + 6761. What are the prime factors of y?
5, 271
Suppose 0 = -4*d + 24, 3*x + 3*d - 14670 - 1194 = 0. List the prime factors of x.
2, 19, 139
Let l be (-2)/13 - 5868/(-117). Suppose -3*t + l = -8*t. List the prime factors of 7032/60 + 2/t.
3, 13
Suppose -3*q + 9*q + 1860 = 0. Let w = -65 - q. Suppose -w = -6*z + z. What are the prime factors of z?
7
Let m(s) = s + 12. Let a(f) = f + 4. Suppose 0 = -9*z + 8*z - 12. Let n be a(z). List the prime factors of m(n).
2
Suppose 8*g + 0 - 16 = 0. Suppose 7*p = -g*d + 1768, -3*d = -p + 6*p - 1266. What are the prime factors of p?
2, 3, 7
Suppose 7*b - 4*b = -4*f + 52, 2*b - 44 = -5*f. Suppose 10*l - b*l - 12 = 0. Let o(j) = -22*j + 35. What are the prime factors of o(l)?
167
Let p = -1043 - -702. Let j = p - -542. List the prime factors of j.
3, 67
Suppose -3*r - 3*y + 24 = 0, 5*r - 4*r = y + 2. Let q(u) = -22 - 12 + r - 9*u + 4*u**3 - 3*u**3 + 12*u**2. What are the prime factors of q(-12)?
79
Suppose 321*q - 572*q + 1851125 = 0. What are the prime factors of q?
5, 59
Suppose 92*h - 1419476 - 1180536 = 0. List the prime factors of h.
59, 479
Suppose h = 3*h, -x = -4*h - 25. Suppose -5*t = -48 - 307. Let b = t - x. List the prime factors of b.
2, 23
Suppose 0 = 2*x + z - 17738 + 15, -26580 = -3*x - 3*z. List the prime factors of x.
8863
Suppose 30*u - 25*u - 10 = 0. Suppose 0 = -u*v - 19 + 17. What are the prime factors of (3 + -32)/(v/1)?
29
Suppose -72*a + 463673 = 125345. What are the prime factors of a?
37, 127
Let g = -25 - -30. Suppose g*j + 852 = 2*u, 0 = u - 5*u - 5*j + 1734. Suppose 4*y = -3*d + u, -y = 3*y - 3*d - 449. What are the prime factors of y?
2, 5, 11
Suppose -16*q + 7479 + 84 + 5141 = 0. List the prime factors of q.
2, 397
Suppose -205 = 3*w - 5080. What are the prime factors of w?
5, 13
What are the prime factors of (16/(-6) - -4)*(-14778)/(-12)?
2, 821
Suppose a = -5*k + 5950, 5*a = -8*k + 13*k + 29870. What are the prime factors of a?
2, 3, 5, 199
List the prime factors of 9/((-351)/5083)*-333.
3, 17, 23, 37
Let s = -70 - -162. Suppose 1148 = 4*u - s. What are the prime factors of u?
2, 5, 31
Let d = 31 - 34. Let w = d + -41. Let l = w - -49. List the prime factors of l.
5
Let r be ((-8)/6)/(7/(-105)). Let h be r/(-25) + 1 + (-38)/(-10). Suppose -2*a - 130 = -h*a. List the prime factors of a.
5, 13
Suppose o + 4*t = -6, -2*o - 4*t - 8 = -4. Suppose 4*g - o*g + 4*n = 428, 0 = 4*g + n - 856. What are the prime factors of g?
2, 107
Let b be 650/14 - (-4)/7. Suppose b - 380 = -3*d. Let o = d + -6. What are the prime factors of o?
3, 5, 7
Let a(o) = 5*o**2 + 4*o + 5. Let g be a(0). Suppose 0 = -g*m - 327 + 4187. List the prime factors of m.
2, 193
Suppose -3*w + 22 = 1. Let o be 10/(-35) - (-1 - 58/w). List the prime factors of 3*(-15)/o - -203.
2, 3, 11
Let h(y) = -y**3 - 35*y**2 + 5*y + 191. Let b be h(-35). Suppose -b*f + 10676 = 20. What are the prime factors of f?
2, 3, 37
Let l be (2 + (-2)/2)*(4 + -286). Let g = l - -403. Let o = g - 18. What are the prime factors of o?
103
List the prime factors of -20901*(14/(-84))/(4/(-32)*-4).
6967
Let l = -16807 - -44774. List the prime factors of l.
27967
Let c = 23954 + -7359. What are the prime factors of c?
5, 3319
Let c(w) = w**3 + 8*w**2 - 2*w - 79. Let i be c(-6). S